m) = m**2 + 9*m - 9. What is b(-9)?
-9
Let w(d) = d**2 + 13*d + 10. Determine w(-8).
-30
Let f(q) = q + 11. Give f(3).
14
Let x(d) = -d**2 - 5*d + 5. Give x(-6).
-1
Let s(w) = w**3 - 12*w**2 + 10*w + 24. Calculate s(11).
13
Let a(s) = s**3 - 31*s**2 + 2*s - 58. Determine a(31).
4
Let r(i) = -3*i**2 - 11*i + 16. Determine r(-9).
-128
Let s(p) = -2*p**2 + 27*p - 64. Give s(10).
6
Let r(j) = j**3 + 12*j**2 + 12*j + 13. Determine r(-11).
2
Let i(s) = -16*s - 221. Calculate i(-14).
3
Let m(u) = -10*u + 7. Give m(0).
7
Let n(b) = -2*b - 8. Calculate n(11).
-30
Let x(f) = -5*f - 41. Calculate x(-10).
9
Let a(q) = q**3 - 13*q**2 + 17*q - 13. What is a(12)?
47
Let z(s) = 8*s + 25. Give z(-6).
-23
Let k(q) = 2*q**2 - 7*q + 15. Calculate k(6).
45
Let b(w) = -3*w + 3. Determine b(6).
-15
Let g(y) = 17*y + 6. Determine g(-1).
-11
Let f(c) = -c**2 - 3*c + 4. Calculate f(1).
0
Let r(c) = c**2 - 31. Give r(0).
-31
Let w(k) = k**3 - 11*k**2 + 3. Give w(11).
3
Let o(u) = u**3 + 5*u**2 - 5*u - 9. Determine o(-6).
-15
Let c(v) = -v**2 - 9*v - 6. Determine c(0).
-6
Let b(u) = u**3 + 15*u**2 + 2*u + 36. Calculate b(-15).
6
Let l(f) = 26*f - 6. Give l(1).
20
Let x(y) = -y**2 - 4*y + 14. What is x(4)?
-18
Let r(j) = j**3 + 5*j**2 - 9*j - 15. What is r(-6)?
3
Let x(w) = -w**2 + 12*w + 40. Determine x(16).
-24
Let l(g) = g**2 - 2*g - 58. What is l(9)?
5
Let x(z) = -3*z**2 - 7*z + 6. What is x(3)?
-42
Let t(o) = -o**3 + 23*o**2 - 24*o + 2. What is t(22)?
-42
Let p(a) = 13*a - 37. What is p(4)?
15
Let r(b) = b**2 - 11*b - 43. Give r(14).
-1
Let t(w) = w**2 + w + 38. What is t(0)?
38
Let l(f) = -3*f**2 + 8*f + 19. Calculate l(5).
-16
Let y(g) = -3*g**2 + 17*g - 17. Give y(5).
-7
Let u(w) = -w**2 - 15*w - 9. Determine u(-10).
41
Let r(h) = 12*h + 19. Determine r(-3).
-17
Let l(x) = -x**2 - 2*x + 12. Calculate l(-4).
4
Let i(d) = -d**2 - 2*d + 47. Give i(-7).
12
Let f(t) = 2*t**2 + 2*t + 4. Give f(-3).
16
Let k(i) = 3*i - 58. What is k(9)?
-31
Let r(k) = -5*k. Calculate r(2).
-10
Let j(f) = 148*f - 1476. Give j(10).
4
Let g(w) = -2*w - 40. Give g(-13).
-14
Let k(y) = y**2 + 10*y - 2. Determine k(-10).
-2
Let c(x) = -x**2 + 22. Determine c(-6).
-14
Let q(i) = -3*i + 117. Give q(30).
27
Let q(m) = m**3 + 8*m**2 + m + 1. Give q(-8).
-7
Let t(a) = -a + 25. Give t(8).
17
Let x(c) = c**3 - 20*c**2 + 20*c - 35. Determine x(19).
-16
Let d(a) = -2*a**3 + 38*a**2 - a + 25. Give d(19).
6
Let x(b) = b**2 - 16*b + 43. What is x(14)?
15
Let j(f) = f**3 + 2*f**2 - 16*f - 2. Determine j(-5).
3
Let q(t) = 15*t + 38. Give q(5).
113
Let i(b) = -2*b**3 - 13*b**2 + 8*b + 2. Determine i(-7).
-5
Let b(j) = j**3 - 5*j**2 + 2*j - 9. Calculate b(5).
1
Let i(z) = z**3 - 3*z**2 - 18*z + 4. Determine i(-3).
4
Let r(o) = -o**2 - 3*o + 73. Give r(7).
3
Let u(f) = f**3 + 8*f**2 + 10*f - 1. Give u(-7).
-22
Let b(j) = j**3 + 7*j**2 + 11*j - 6. Give b(-5).
-11
Let x(u) = u**3 + 21*u**2 + 17*u + 26. Give x(-20).
86
Let l(t) = 2*t**2 + 2*t - 1. Calculate l(2).
11
Let r(q) = q**3 + 3*q**2 - 5*q - 2. What is r(0)?
-2
Let l(x) = 7*x - 76. Determine l(12).
8
Let c(o) = -o**2 - 9*o - 19. Give c(-8).
-11
Let p(k) = k**2 + 9*k + 16. Give p(-4).
-4
Let a(b) = b**3 - 10*b**2 - 10. Calculate a(10).
-10
Let s(n) = -8*n**2 - 2*n - 2. What is s(3)?
-80
Let v(g) = -14*g + 1. Give v(-5).
71
Let h(r) = -r**2 - 13*r - 16. Determine h(-13).
-16
Let p(j) = -j**3 + 5*j**2 - 10*j + 21. Determine p(4).
-3
Let v(g) = g**3 + 3*g**2 + 5*g + 37. Calculate v(-4).
1
Let s(d) = 5*d + 98. Give s(-21).
-7
Let t(f) = -f**2 + 3*f + 20. Give t(6).
2
Let b(v) = -v**2 - 8*v + 2. Determine b(-8).
2
Let f(r) = r**3 - 2*r**2 - 5*r + 7. What is f(5)?
57
Let p(q) = q**2 - 2*q - 80. Give p(-8).
0
Let t(f) = -f**3 + 12*f**2 + 5*f - 24. Determine t(12).
36
Let c(d) = -6*d - 21. Give c(-3).
-3
Let q(b) = -b**2 - 3*b + 3. Give q(-2).
5
Let u(t) = 15*t + 82. Give u(-15).
-143
Let d(l) = -2*l - 41. What is d(-17)?
-7
Let z(y) = y**2 + 21*y + 45. Determine z(-18).
-9
Let w(f) = f**2 + 25*f + 23. What is w(-24)?
-1
Let q(u) = u**2 - 3*u - 23. Calculate q(-9).
85
Let y(p) = -2*p**3 - 30*p**2 - 27*p + 6. Give y(-14).
-8
Let b(k) = k**3 + k + 41. What is b(0)?
41
Let d(n) = 10*n - 83. Determine d(9).
7
Let l(g) = 3*g**3 - 9*g**2 - 3*g + 5. What is l(3)?
-4
Let g(p) = -p**3 + 10*p**2 - 5*p - 5. Calculate g(5).
95
Let v(d) = d**3 - 10*d**2 + 32*d - 64. Calculate v(7).
13
Let b(d) = d**3 - 8*d**2 - 5. Calculate b(8).
-5
Let k(t) = -t**3 - 8*t**2 - 18*t - 4. Calculate k(-4).
4
Let o(b) = -b**2 - 8*b + 75. Give o(-14).
-9
Let f(x) = -x**2 + 3*x + 5. What is f(-2)?
-5
Let p(j) = -j - 24. Determine p(1).
-25
Let i(x) = -20*x**2 + 4. Determine i(-1).
-16
Let j(s) = -s**3 + 6*s**2 + 22*s - 39. Determine j(8).
9
Let t(d) = -16*d - 94. Give t(-5).
-14
Let s(v) = -6*v. Calculate s(-6).
36
Let w(b) = 41*b + 1279. Calculate w(-31).
8
Let s(t) = t**3 - 6*t**2 + t. Calculate s(6).
6
Let z(o) = -o**3 + 9*o**2 - 9*o. Calculate z(7).
35
Let t(s) = -s**3 - 20*s**2 + 47. Determine t(-20).
47
Let u(a) = -a**2 + 21*a - 6. Calculate u(16).
74
Let u(w) = -w**3 + 2*w**2 + 9*w. Calculate u(4).
4
Let f(p) = 2*p - 4. What is f(5)?
6
Let o(b) = -b - 2. Give o(42).
-44
Let f(r) = r**2 + 8*r + 14. Calculate f(-4).
-2
Let v(a) = a + 23. Give v(-35).
-12
Let m(u) = u**3 - 10*u**2 - 20*u + 18. Calculate m(12).
66
Let r(i) = 6*i - 5. What is r(2)?
7
Let k(v) = 3*v**2 - 13*v - 1. What is k(3)?
-13
Let n(s) = 2*s**3 + 19*s**2 + 4*s - 31. Give n(-9).
14
Let i(y) = 12*y**3 - y**2 + 1. What is i(-1)?
-12
Let f(k) = -11*k + 207. What is f(17)?
20
Let c(i) = -i**2 - 18*i - 61. What is c(-13)?
4
Let w(v) = 11*v - 1. What is w(-5)?
-56
Let s(i) = -9*i**2 + 1. Determine s(1).
-8
Let h(z) = -2*z**2 + 34*z + 10. What is h(17)?
10
Let j(s) = 3*s + 29. Give j(-7).
8
Let h(k) = -3*k + 4. Determine h(-2).
10
Let r(t) = t**3 - 2*t**2 - 3*t - 4. Determine r(3).
-4
Let t(b) = -b - 5. Determine t(-2).
-3
Let m(f) = 16*f - 87. Determine m(5).
-7
Let z(j) = -j**2 + 13. Give z(-4).
-3
Let b(w) = -16*w**2 + w. Calculate b(-1).
-17
Let s(u) = -47*u - 138. Calculate s(-3).
3
Let c(j) = 20*j + 130. Determine c(-6).
10
Let n(l) = -3*l - 12. Determine n(-9).
15
Let p(y) = 30*y + 106. What is p(-4)?
-14
Let m(t) = 8*t**2 + 2*t + 2. Give m(-1).
8
Let d(b) = 2*b**2 - 10*b + 14. Give d(6).
26
Let a(o) = -2*o**3 + 13*o**2 + 5*o - 5. Calculate a(7).
-19
Let n(y) = -2*y + 9. Give n(4).
1
Let h(b) = -b**2 + 6*b - 5. Calculate h(5).
0
Let o(r) = r**3 + 9*r**2 - 3*r - 30. What is o(-9)?
-3
Let r(t) = -6*t**3 - 2*t**2. What is r(-2)?
40
Let j(q) = -q**2 - 28*q + 100. What is j(-31)?
7
Let o(v) = v**3 - 15*v**2 + v - 16. Give o(15).
-1
Let r(c) = -2*c**2 - 17*c - 20. Calculate r(-8).
-12
Let j(q) = q**2 - 33*q - 56. Calculate j(35).
14
Let o(b) = -b**2 + 16*b - 53. Give o(10).
7
Let j(c) = c**2 - 9*c + 10. Calculate j(9).
10
Let k(b) = 18*b + 110. Determine k(-6).
2
Let j(d) = -4*d**3 - 2*d**2 + 3*d - 1. What is j(2)?
-35
Let o(j) = -4*j + 1. Give o(-1).
5
Let n(c) = 10*c**2 - 3*c + 6. Give n(1).
13
Let s(l) = 10*l**2 + 89*l + 5. Determine s(-9).
14
Let u(h) = -h**3 + 6*h**2 + 4*h + 1. Calculate u(6).
25
Let g(d) = -d**3 + 3*d**2 + 8. Give g(4).
-8
Let b(r) = -r**2 + 8*r + 11. Calculate b(9).
2
Let v(m) = -m**2 + 4*m + 667. Give v(-24).
-5
Let u(q) = 10*q - 3. Determine u(4).
37
Let w(j) = 3*j**2 + 29*j + 7. Determine w(-8).
-33
Let w(u) = u**3 - 13*u**2 - 11*u + 10. Calculate w(14).
52
Let x(f) = 15*f**2 + 6*f + 5. Calculate x(-1).
14
Let u(p) = p**2 - 20*p + 38. Determine u(17).
-13
Let m(q) = q**3 + 2*q**2 - 3*q - 1. Give m(-3).
-1
Let b(f) = f**3 + 28*f**2 - f - 37. Determine b(-28).
-9
Let o(t) = -t**2 + 8*t - 4. Give o(10).
-24
Let l(c) = -31*c + 383. What is l(12)?
11
Let x(z) = -z**2 + 14*z - 9. Give x(14).
-9
Let r(d) = d**3 - 5*d**2 - d + 1. Calculate r(5).
-4
Let t(q) = q**2 - q - 13. Give t(4).
-1
Let c(q) = q**3 - 12*q**2 - 28*q - 3. Determine c(14).
-3
Let l(m) = -m**3 - 12*m**2 + 15*m + 3. What is l(-13)?
-23
Let p(i) = -i**2 + 9*i + 627. What is p(-21)?
-3
Let m(h) = -h**2 - 11*h - 4. What is m(-10)?
6
Let o(t) = -t**3 - 5*t**2 - 6*t - 8. Give o(-4).
0
Let c(z) = -16*z - 217. Give c(-13).
-9
Let s(k) = -2*k + 1. What is s(1)?
-1
Let v(i) = 13*i - 469. What is v(36)?
-1
Let r(q) = -3*q - 13. Give r(4).
-25
Let d(j) = 